e factors of (i/(-9))/((-2)/27)?
3
Let w be (-6)/5*1*-5. Let f = 5 - 4. Let g = w + f. What are the prime factors of g?
7
Let j(i) = -39 + 5*i - 2*i + 40. What are the prime factors of j(6)?
19
Let k = 117 - 73. Suppose -4*o - o - 130 = 0. Let h = k + o. List the prime factors of h.
2, 3
Suppose -4*g + 5*q = -3, g + 4*q + 19 = 4. Let h = g - -9. What are the prime factors of h?
2, 3
Let v(s) = s**3 + 4*s**2 - 2*s + 3. Let p be v(-6). Let y = -41 - p. Suppose -5*n = -z + 46, 3*z = 2*z - n + y. What are the prime factors of z?
3, 7
Let p(i) = 4*i**2 - 6*i + 17. List the prime factors of p(5).
3, 29
Let f(q) be the second derivative of 0 - 2*q**2 + 1/2*q**3 + 2*q. What are the prime factors of f(5)?
11
Let f be (-5)/15 + (-26)/(-6). Let i = f + -1. What are the prime factors of i?
3
Suppose 18 = 5*z - 42. Suppose -z = -5*y + 3*y. List the prime factors of 44/(-6)*y/(-4).
11
Let o = 2 + -1. Let x = o + -1. Let c = 3 + x. List the prime factors of c.
3
Let b be 10/(-2)*10/2. Let p = b + 54. Suppose 5*z - p = 16. List the prime factors of z.
3
Suppose -4*r - 5 + 1 = 0. Let i be (-2 - -4)*r/(-2). Let y = i + 4. List the prime factors of y.
5
Suppose 4*z - 1 = 4*g + 71, 2 = -2*g. Suppose 1 = 3*s - z. Suppose l = s*l - 20. List the prime factors of l.
2
Let u(f) = -f**3 - 8*f**2 - 13*f - 7. What are the prime factors of u(-7)?
5, 7
Suppose -2*z = -7*z + 30. Let j be z*-3*(-8)/18. Suppose 0 = 3*s + 5*u - 35, -3*s - 55 = -j*s - 5*u. What are the prime factors of s?
2, 5
Let v(o) = -3*o**3 + 6*o**3 - 2*o**3 + 3*o - 5 + 6*o**2. Let w be v(-5). Suppose j = w*b - 11, 4*j + 3*b = 7*b + 20. What are the prime factors of j?
3
Let i(z) = -2*z**3 - 4*z**2 + 4*z + 4. List the prime factors of i(-5).
2, 67
Let f(k) = k**3 + 9*k**2 + 7*k - 10. Let d be f(-8). Let a be (-86)/((d - -1) + -1). Suppose 4*o + 4*p - 28 = 20, -a = -4*o - 3*p. List the prime factors of o.
7
Suppose 2 = 2*m - j - 4*j, m + 5*j = 1. Suppose 0 = 3*o - n + m, o - 4*n = 7. What are the prime factors of (-3 - o)/((-10)/45)?
3
Suppose 4*w - 22 = 2*y, w = -2*y - 4 + 2. Suppose w*x - 2*x + 12 = 0. Let j = x + 11. What are the prime factors of j?
5
Let w be 3/6 - (-14)/4. Suppose 0 = -c + 2*a + 29, -5*c + 30 = w*a - 59. What are the prime factors of c?
3, 7
Suppose -5*l - 3*d = -4*l + 14, -3*l - 82 = -d. Let z = -13 - l. Suppose 3*t = z + 8. List the prime factors of t.
7
Suppose -5*h + 10*h = -30. Let o(a) = -a**2 - 4*a + 4. Let r(n) = -n. Let c(q) = o(q) + 3*r(q). List the prime factors of c(h).
2, 5
Let f(j) = j**2 + 4*j - 8. Let a be f(-6). Suppose 6 = p + a. Suppose -4*h - 27 = -3*b + 21, 32 = p*b + 4*h. What are the prime factors of b?
2
Let q(g) = 32*g - 25. What are the prime factors of q(4)?
103
Suppose -c + 2*l - 7 = 0, 6*c - 2*c - 2 = 2*l. Suppose 0 = -c*n + 1 + 8. List the prime factors of n.
3
Let d = 4 + 0. What are the prime factors of (-6 - -7)/(2/d)?
2
Suppose y - 4 = -0*y. Suppose r = o - 11, y*o + 2*r + 3*r - 53 = 0. Suppose -2*p - p + o = 0. List the prime factors of p.
2
What are the prime factors of (9/(-24)*-4)/((-7)/(-1386))?
3, 11
Let n = -26 + 85. List the prime factors of n.
59
What are the prime factors of 0 + -3*(3 + -14)?
3, 11
Let o(r) = r**3 - 6*r**2 + 2*r - 6. Let x be o(6). Suppose 3*y = x*y - 147. Suppose -y = -4*p - 21. List the prime factors of p.
7
Suppose -6 = -4*p + 50. Suppose n + n - p = 0. What are the prime factors of n?
7
Let t be 0/(2*-2) + 60. Suppose s = 5*i + 20, -5*i = -5*s + 2*s + t. List the prime factors of s.
2, 5
Suppose 78 = 5*p - c - 100, 5*c + 15 = 0. Let u = p + -20. What are the prime factors of u?
3, 5
Suppose 7*q - 25 = -2*u + 2*q, -2 = 2*u - 4*q. Suppose u*z - 4*m - 144 = -5, z - 5*m - 32 = 0. Suppose -3*k + z = -27. What are the prime factors of k?
2, 3
Suppose -2*y = -5*i + 7, y - 2*i = -y + 8. Suppose -w + y = -1. List the prime factors of w.
2, 5
Suppose 43 = -2*t + 125. What are the prime factors of t?
41
Suppose p + x - 5*x - 313 = 0, -329 = -p - 4*x. List the prime factors of p.
3, 107
Let g = 45 - 30. List the prime factors of g.
3, 5
Suppose -18*c + 887 + 67 = 0. List the prime factors of c.
53
Let w(u) = u**3 + 3*u**2 - 6*u - 6. Let s be w(-4). List the prime factors of 5/s*2 + 0.
5
Let b(g) = -13*g + 9. List the prime factors of b(-4).
61
Let i = 70 + -42. Suppose -d + i = d. List the prime factors of d.
2, 7
Suppose 3*b - 4 = 2*b. Let i(f) = f**3 - 2*f**2 - 2*f - 2. Let s be i(3). Suppose 22 = d + b*r, -4*d - s = -5*r - 5. What are the prime factors of d?
2, 3
Let r(n) be the second derivative of -n**3/2 - 3*n**2/2 - 3*n. What are the prime factors of r(-3)?
2, 3
Let w(f) = -f**2 - 7*f + 10. Let j = -17 - -9. What are the prime factors of w(j)?
2
Let d be (-2)/1 + 5 + -1. Suppose 2*u - 5*k = 77, -3*u + 68 = 4*k - d*k. What are the prime factors of u?
2, 13
Suppose -1 + 6 = -5*q + 5*c, 0 = 3*q - 5*c + 11. Suppose 2*b - 9 = q*j, -3 - 1 = -b + j. What are the prime factors of b?
3
Let f(r) = -11 + 11 - r. List the prime factors of f(-2).
2
Let d be -4*2 + (1 - -1). List the prime factors of -2*3/d*5.
5
Let j(b) be the third derivative of 53*b**6/120 - b**5/60 + 3*b**2. List the prime factors of j(1).
2, 13
What are the prime factors of 1 + -1 - 9/(18/(-532))?
2, 7, 19
Suppose 2*r - 1 = 3*u + 3, 0 = 3*u. Let k(y) = -y + 10. Let j be k(5). Suppose -r*o - 1 = -j. What are the prime factors of o?
2
Suppose -4*o - 2*t = -32, o + 2*t = -2*o + 25. Let w = o + -2. What are the prime factors of w?
5
Let m(f) be the first derivative of -f**4/4 - 6*f**3 - 9*f**2 - 12*f - 6. List the prime factors of m(-17).
5
What are the prime factors of (1 + (-2)/(-2))/((-32)/(-592))?
37
Let h(y) = -y - 2. Let n be h(-2). Suppose w - 3*w + 4 = n. List the prime factors of w.
2
Let h be 6*(-1 - (-83)/3). Suppose -h + 35 = -5*s. List the prime factors of s.
5
Suppose 49 + 31 = 2*r. List the prime factors of r.
2, 5
List the prime factors of (-4 - -5 - -28) + 1.
2, 3, 5
Suppose -16 = q + q. Let w = -15 - q. Let b(i) = i**3 + 7*i**2 + 5. List the prime factors of b(w).
5
Let q = 9 - 10. What are the prime factors of (1/(-3))/(q/45)?
3, 5
Let j be -12*54*5/4. List the prime factors of ((-2)/(-6))/((-6)/j).
3, 5
Suppose 4*n + 4 = 6*n. List the prime factors of (50 - (n - 1)) + -4.
3, 5
Let z be (10/(-1))/(-4 - -2). Let b be (z - 4) + 5 + 1. Let f = b + -1. What are the prime factors of f?
2, 3
Let f(l) = 4*l**2 - 2*l**2 - 8 + 0*l**2 - 2*l + 7*l. What are the prime factors of f(-6)?
2, 17
Suppose 2*k = 2*g - 1 - 85, -5*g - k + 221 = 0. List the prime factors of g.
2, 11
Let j = 19 - -1. What are the prime factors of j?
2, 5
Let n(w) = 343*w**2 + 4*w - 1. List the prime factors of n(1).
2, 173
Let w(l) = -9*l - 26. List the prime factors of w(-14).
2, 5
Let c(j) = -7*j**2 - 5*j - 10. Let i(w) = 8*w**2 + 4*w + 10. Let b(u) = 7*c(u) + 6*i(u). List the prime factors of b(-9).
2
What are the prime factors of (-1*1)/(24/(-4176))?
2, 3, 29
Let o(z) = z + 7. Let u be (-3 - 2*-1)*-5. Suppose -5*t - u*d = 0, 0 = 4*t - d + 2*d. List the prime factors of o(t).
7
Let y = 6 - 6. Suppose 5*t = -y*t. Suppose t = -a + 8. What are the prime factors of a?
2
Suppose 0 = -u + 2*p + 3*p + 46, -2*u - 5*p = -47. What are the prime factors of u?
31
Suppose 2*x + 271 = 3*l - 90, -3*l = 3*x - 366. What are the prime factors of l?
11
What are the prime factors of (471/18)/(5/30)?
157
What are the prime factors of ((-484)/6)/(-1*(-6)/(-9))?
11
Let f(k) = -k**2 + 7*k + 5. Let s be f(4). Suppose p = -0*v + 5*v + 47, 5*v = -p + s. What are the prime factors of p?
2
Let i(m) = m**2 + m - 2. Let w be i(-2). Suppose w = d - 0*d - 4. Suppose 0 = -4*u - 2*s + 14 + 6, -d*s = -2*u + 10. What are the prime factors of u?
5
Suppose -2*x = -2, 0*v - 5*v - 4*x + 149 = 0. List the prime factors of v.
29
Suppose -3*a - 9 = 4*n, 4 = 3*n + 2*a + 12. List the prime factors of (-4)/10*120/n.
2
Let a be 0/(4 + 1 + -3). List the prime factors of -1 + (15 - (1 - a)).
13
Suppose 2*w + 4 = 3*w. Suppose -9*g + w*g = -60. What are the prime factors of g?
2, 3
Suppose 104 = 5*u - 191. List the prime factors of u.
59
Let a be 0 + -1*(1 - 0). Let k(u) = 15*u**3 - 12*u**3 - 3*u**2 - 4*u**3 + u + 5*u**2. List the prime factors of k(a).
2
Let l(w) = 2*w**2 - 9*w + 6. Let h(d) = 3*d**2 - 17*d + 12. Let x(o) = 3*h(o) - 5*